{"id":1129,"date":"2019-11-03T20:34:25","date_gmt":"2019-11-03T19:34:25","guid":{"rendered":"http:\/\/kon-tra.de\/wordpress\/?page_id=1129"},"modified":"2026-04-03T18:25:55","modified_gmt":"2026-04-03T16:25:55","slug":"sommercamp","status":"publish","type":"page","link":"http:\/\/kon-tra.de\/wordpress\/ferien-spass\/sommercamp\/","title":{"rendered":"Abenteuer &#038; Drachenstock Sommercamp vom 01. &#8211; 06.08.2026"},"content":{"rendered":"<h3><span style=\"font-family: helvetica, arial, sans-serif; font-size: 14pt;\"><strong><span style=\"color: #800000;\">FERIEN-SPASS vom 01. &#8211; 06. August 2026<\/span><\/strong><\/span><\/h3>\n<h3><span style=\"font-family: helvetica, arial, sans-serif; font-size: 12pt;\"><span style=\"font-size: 14pt; color: #800000;\"><strong>Abenteuer-Sommercamp 2026 &#8222;Abenteuer und Drachenstock im Wald erleben <\/strong><\/span><strong><span style=\"font-size: 14pt; color: #800000; font-family: helvetica, arial, sans-serif;\">f\u00fcr Kinder &amp; Jugendliche von 9 bis 18 Jahren&#8220;<\/span><span style=\"font-size: 14pt; color: #800000;\"><br \/>\n<\/span><\/strong><\/span><span style=\"font-family: helvetica, arial, sans-serif; font-size: 12pt;\"><strong><span style=\"font-size: 14pt;\"><span style=\"color: #000000;\">PDF-Datei: <a href=\"http:\/\/kon-tra.de\/wordpress\/wp-content\/uploads\/2026\/04\/Abenteuer-Drachenstock-Sommercamp-2026.pdf\"><span style=\"color: #000080;\">Abenteuer-Drachenstock Sommercamp 2026<\/span><\/a><\/span><\/span><\/strong><\/span><\/h3>\n<h3><span style=\"font-family: helvetica, arial, sans-serif; font-size: 12pt;\"><span style=\"color: #000000;\"><strong><span style=\"color: #800000;\"><span style=\"font-family: helvetica, arial, sans-serif; font-size: 12pt;\">Ihr wollt vom<span style=\"color: #800000;\"> 01. August bis<\/span> zum 06. August 2026 das Sommercamp &#8222;Ab<span style=\"color: #800000;\">enteuer im Wald und Drachens<\/span>tock&#8220; erleben, dann seid ihr hier genau richtig.<br \/>\n<\/span><\/span><\/strong><\/span><\/span><span style=\"font-family: helvetica, arial, sans-serif; font-size: 12pt; color: #000000;\"><span style=\"color: #800000;\"><strong>Abenteuer im Wald erleben&#8230;&#8230;..<\/strong><\/span><br \/>\nDie Abenteuer befinden sich direkt in der Natur, im Wald. So wird uns ein Survival-Tag in das Abenteuer \u201eLeben im Wald\u201c f\u00fchren. Wir werden einen Schlafplatz und ein Lager mit Unterstand bauen, unter dem <\/span><span style=\"font-family: helvetica, arial, sans-serif; font-size: 12pt; color: #000000;\">Sternenhimmel \u00fcbernachten, eine Nachtwanderung oder eine Sonnenaufgangswanderung zu einer H\u00fctte erleben und uns mit einem Kompass in der Natur orientieren. Wir entdecken dabei Tiere und ihre Spuren und bauen ein G\u00e4stehaus f\u00fcr die Waldbewohner. Wir lernen verschiedene Knoten, fertigen Seile und experimentieren damit unter anderem als Steighilfe oder Transportmittel.<br \/>\n<strong>.<span style=\"color: #800000;\">&#8230;&#8230;&#8230;..und den Drachenstock erleben<\/span><\/strong><br \/>\nIn der Abenteuer-Sommercamp-Woche werden wir auch mit dem Drachenstock Abenteuer im Wald erleben. <\/span><span style=\"color: #000000; font-family: helvetica, arial, sans-serif; font-size: 12pt;\">Der Drachenstock verbindet Bewegung, Kontakt, Konzentration, Spiel, Achtsamkeit, spielerisches miteinander k\u00e4mpfen, Kreativit\u00e4t, Improvisation, freie Bewegung, Ausdruck und Kommunikation.<br \/>\n<\/span><strong><span style=\"font-family: helvetica, arial, sans-serif; font-size: 12pt; color: #800000;\">\u00bb Sei dabei und erlebe das Abenteuer!<\/span><\/strong><\/h3>\n<p><span style=\"color: #000000; font-family: helvetica, arial, sans-serif; font-size: 12pt;\"><span style=\"color: #800000;\"><strong>Das Abenteuer &amp; Drachenstock Sommercamp<\/strong><\/span><br \/>\n&#8230;&#8230;.bietet Kindern &amp; Jugendlichen in der Natur, im Wald Abenteueraktionen und Abenteuerspiele in der Gruppe zu erleben, sich mit den Aufgaben auseinander zu setzen, diese kreativ zu l\u00f6sen und positiv zu erfahren. Dabei werden die F\u00e4higeiten von jedem einzelnen in der Gruppe eingesetzt, welche das Selbstvertrauen und den Selbstwert, die Sozialkompetenz, die Kommunikation untereinander und die Eigeninitiative st\u00e4rken.<\/span><br \/>\n<span style=\"color: #000000; font-family: helvetica, arial, sans-serif; font-size: 12pt;\">Im Abenteuer und Drachenstock Sommercamp liegt der Schwerpunkt immer auf dem Spa\u00df am gemeinsamen Tun, auf Spontanit\u00e4t, Ungezwungenheit und auf der Botschaft, dass das Mitmachen wichtiger ist als die Pr\u00e4sentation von Ergebnissen.<\/span><\/p>\n<p><span style=\"font-family: helvetica, arial, sans-serif; font-size: 12pt;\"><strong><span style=\"color: #800000;\">Abenteuer und Drachenstock-Sommercamp Inhalte, u.a.:<br \/>\n<\/span><\/strong><span style=\"color: #000000;\"><span style=\"color: #800000;\"><span style=\"color: #000000;\"><span style=\"color: #800000;\"><strong>\u2022<\/strong> <\/span>Kooperations- und Abenteuerspiele, Teamarbeit, <\/span><span style=\"color: #000000;\">Zusammenhalt, Selbstvertrauen.<br \/>\n<\/span><\/span><\/span><span style=\"color: #800000;\"><strong>\u2022<\/strong><\/span> Survival im Wald.<\/span><br \/>\n<span style=\"font-family: helvetica, arial, sans-serif; font-size: 12pt;\"><span style=\"color: #800000;\"><strong>\u2022<\/strong><\/span> Br\u00fccke \u00fcber Bach bauen und \u00fcberqueren.\u00a0\u00a0\u00a0\u00a0\u00a0\u00a0\u00a0\u00a0\u00a0\u00a0\u00a0\u00a0\u00a0\u00a0\u00a0\u00a0\u00a0\u00a0\u00a0\u00a0\u00a0\u00a0\u00a0\u00a0\u00a0\u00a0\u00a0\u00a0\u00a0\u00a0\u00a0\u00a0\u00a0\u00a0\u00a0<\/span><br \/>\n<span style=\"font-family: helvetica, arial, sans-serif; font-size: 12pt;\"><span style=\"color: #800000;\"><strong>\u2022<\/strong><\/span> Abenteuerspiel: Cap the Flag im Wald.<\/span><br \/>\n<span style=\"font-family: helvetica, arial, sans-serif; font-size: 12pt;\"><span style=\"color: #800000;\"><strong>\u2022<\/strong><\/span> \u00dcbernachten im Freien unterm Sternenhimmel.<\/span><br \/>\n<span style=\"font-family: helvetica, arial, sans-serif; font-size: 12pt;\"><span style=\"color: #800000;\"><strong>\u2022<\/strong><\/span> Drachenstock-Training im Wald.<\/span><br \/>\n<span style=\"font-family: helvetica, arial, sans-serif; font-size: 12pt;\"><span style=\"color: #800000;\"><strong>\u2022<\/strong><\/span> Kooperations- und Abenteuerspiele u.a. Schnitzeljagd, Wasserschlacht und mehr!<\/span><br \/>\n<span style=\"font-family: helvetica, arial, sans-serif; font-size: 12pt;\"><span style=\"color: #800000;\"><strong>\u2022<\/strong><\/span> Katapult bauen.<\/span><br \/>\n<span style=\"font-family: helvetica, arial, sans-serif; font-size: 12pt;\"><span style=\"color: #800000;\"><strong>\u2022<\/strong><\/span> Lehmofen bauen <span style=\"color: #000000;\">f\u00fcr Brot zu bac<\/span>ken.<\/span><br \/>\n<span style=\"font-family: helvetica, arial, sans-serif; font-size: 12pt;\"><span style=\"color: #800000;\"><strong>\u2022<\/strong><\/span> Fotografieren mit Niklas.<\/span><br \/>\n<span style=\"font-family: helvetica, arial, sans-serif; font-size: 12pt;\"><span style=\"color: #800000;\"><strong>\u2022<\/strong><\/span> Kochen am Lagerfeuer.<\/span><br \/>\n<span style=\"font-family: helvetica, arial, sans-serif; font-size: 12pt; color: #000000;\"><span style=\"color: #800000;\"><strong>\u2022<\/strong><\/span> und vieles mehr!<\/p>\n<p><\/span><span style=\"color: #800000; font-family: helvetica, arial, sans-serif; font-size: 12pt;\"><strong>Ort und U<span style=\"color: #800000;\">nterkunft:<\/span><br \/>\n<\/strong><\/span><span style=\"font-family: helvetica, arial, sans-serif; font-size: 12pt; color: #000000;\">Das Freizeitheim, liegt im Pf\u00e4lzer Wald an der wenig befahrenen Bahnstrecke zwischen M\u00fcnchweiler an der Rodalb <\/span><span style=\"font-size: 12pt;\"><span style=\"font-family: helvetica, arial, sans-serif; color: #000000;\">und Hinterweidenthal. <\/span><span style=\"font-family: helvetica, arial, sans-serif; color: #000000;\">Das Haus hat insgesamt 28 Schlafpl\u00e4tze, welche sich auf 5 Zimmer verteilen. Alle Schlafr\u00e4ume sind mit Stockbetten versehen. Weiterhin stehen 2 Spielwiesen, 1 Feuerstelle und 2 Tagesr\u00e4ume zur Verf\u00fcgung.<br \/>\n<\/span><span style=\"font-family: helvetica, arial, sans-serif; color: #000000;\"><strong>Anfahrt: <\/strong>Die Zufahrt zum Freizeitheim erfolgt \u00fcber die B 10 bei Hinterweidenthal. <\/span><\/span><br \/>\n<span style=\"font-family: helvetica, arial, sans-serif; font-size: 12pt; color: #000000;\"><span style=\"color: #800000;\">\u25ba<\/span> <strong>Eine detaillierte Anfahrtsbeschreibung wird nach der Anmeldung zu gesendet!<\/strong><\/span><\/p>\n<h3><span style=\"color: #000000;\"><span style=\"font-family: helvetica, arial, sans-serif; font-size: 12pt; color: #800000;\"><strong>Termine und Zeiten:<br \/>\n<span style=\"color: #000000;\">Termin: <\/span><\/strong><span style=\"color: #000000;\">Samstag, 01.08. &#8211; Donnerstag, 06.08.2026<\/span><\/span><\/span><br \/>\n<span style=\"color: #000000;\"><span style=\"font-family: helvetica, arial, sans-serif; font-size: 12pt;\"><strong> Zeit: <\/strong>Samstag, 10.00 Uhr bis Donnerstag, 18.00 Uhr<\/span><\/span><\/h3>\n<p><strong><span style=\"color: #800000; font-family: helvetica, arial, sans-serif; font-size: 12pt;\">Geb\u00fchren &#8211; Woche (6 Tage) f\u00fcr Kinder &amp; Jugendliche aus dem Kreis S\u00dcW und Stadt Landau:<br \/>\n<span style=\"color: #000080;\">\u00bb Beinhaltet Tagesprogramm, \u00dcbernachtungen und Verpflegung!<\/span><br \/>\n<\/span><\/strong><span style=\"font-family: helvetica, arial, sans-serif; font-size: 12pt; color: #000000;\"><span style=\"color: #800000;\"><strong>\u00bb<\/strong><\/span> Das Kreisjugendamt S\u00fcdliche Weinstra\u00dfe bezuschusst und f\u00f6rdert \u00fcber das FerienSpass-Programm 2024 Kinder &amp; Jugendliche bis 18 Jahre aus dem Landkreis S\u00fcdliche Weinstra\u00dfe und der Stadt Landau. <\/span><br \/>\n<strong><span style=\"font-family: helvetica, arial, sans-serif; font-size: 12pt;\"><span style=\"color: #000000;\">\u00bb 6 Tage &#8211; 240,00 \u20ac\u00a0 \/\u00a0 Geschwisterpreis 200,00 \u20ac<\/span><\/span><\/strong><\/p>\n<p><span style=\"font-family: helvetica, arial, sans-serif; font-size: 12pt; color: #800000;\"><strong>___________________________________________________<\/strong><\/span><\/p>\n<p><span style=\"font-family: helvetica, arial, sans-serif; font-size: 12pt;\"><strong><span style=\"color: #800000;\">Geb\u00fchren &#8211; Woche (6 Tage) f\u00fcr Kinder &amp; Jugendliche, die nicht aus dem Kreis S\u00dcW und Stadt Landau kommen:<\/span><br \/>\n<span style=\"color: #000080;\">\u00bb Beinhaltet Tagesprogramm, \u00dcbernachtungen und Verpflegung!<\/span><\/strong><\/span><br \/>\n<span style=\"font-family: helvetica, arial, sans-serif; font-size: 12pt;\"><strong>\u00bb 6 Tage &#8211; 360,00 \u20ac<br \/>\n<\/strong><\/span><span style=\"color: #000000;\"><span style=\"font-family: helvetica, arial, sans-serif; font-size: 12pt;\"><span style=\"color: #000000;\"><span style=\"color: #800000;\"><strong>\u2022 <\/strong><\/span>Geb\u00fchr auch in Raten zahlbar!<\/span><\/span><\/span><\/p>\n<p><span style=\"font-family: helvetica, arial, sans-serif; font-size: 12pt;\"><span style=\"color: #800000;\"><strong><span style=\"color: #800000;\">___________________________________________________<\/span><\/strong><\/span><\/span><\/p>\n<p><strong><span style=\"font-family: helvetica, arial, sans-serif; font-size: 12pt; color: #800000;\">Leitung:<\/span><\/strong><br \/>\n<span style=\"font-family: helvetica, arial, sans-serif; font-size: 12pt; color: #000000;\"><span style=\"color: #800000;\"><strong>\u2022<\/strong><\/span> Harald Hasen\u00f6hrl<\/span><br \/>\n<span style=\"font-family: helvetica, arial, sans-serif; font-size: 12pt; color: #000000;\"><span style=\"color: #800000;\"><strong>\u2022 <\/strong><\/span>Niklas Wiora<\/span><br \/>\n<span style=\"font-family: helvetica, arial, sans-serif; font-size: 12pt; color: #000000;\"><span style=\"color: #800000;\"><strong>\u2022<\/strong> <\/span>Malte Carstensen<\/span><br \/>\n<span style=\"font-family: helvetica, arial, sans-serif; font-size: 12pt; color: #000000;\"><span style=\"color: #800000;\"><strong>\u2022 <\/strong><\/span>Hannah Holzer<br \/>\n<span style=\"color: #800000;\"><strong>\u2022<\/strong><\/span> Eric Steimer<\/span><\/p>\n<p><span style=\"color: #800000; font-family: helvetica, arial, sans-serif; font-size: 12pt;\"><strong>___________________________________________________<\/strong><\/span><\/p>\n<p><span style=\"font-family: helvetica, arial, sans-serif; font-size: 12pt;\"><strong><span style=\"color: #800000;\">Gerne berate ich Sie pers\u00f6nlich.<\/span><br \/>\n<span style=\"color: #000000;\">Harald Hasen\u00f6hrl<\/span><\/strong><\/span><br \/>\n<span style=\"color: #000000; font-family: helvetica, arial, sans-serif; font-size: 12pt;\"><strong> Telefon: 06345- 9596855<\/strong><\/span><br \/>\n<span style=\"font-family: helvetica, arial, sans-serif; font-size: 12pt;\"><strong><span style=\"color: #000000;\"> Email:<\/span> <a href=\"mailto:info@kon-tra.de\"><span style=\"color: #800000;\"><span style=\"color: #000080;\">info@kon-tra.de<\/span><\/span><\/a><\/strong><\/span><\/p>\n<p>&nbsp;<\/p>\n","protected":false},"excerpt":{"rendered":"<p>FERIEN-SPASS vom 01. &#8211; 06. August 2026 Abenteuer-Sommercamp 2026 &#8222;Abenteuer und Drachenstock im Wald erleben f\u00fcr Kinder &amp; Jugendliche von 9 bis 18 Jahren&#8220; PDF-Datei: Abenteuer-Drachenstock Sommercamp 2026 Ihr wollt vom 01. August bis zum 06. August 2026 das Sommercamp &#8222;Abenteuer im Wald und Drachenstock&#8220; erleben, dann seid ihr hier genau richtig. Abenteuer im Wald&#8230;<\/p>\n","protected":false},"author":2,"featured_media":2332,"parent":1504,"menu_order":4,"comment_status":"closed","ping_status":"closed","template":"fullwidth.php","meta":[],"_links":{"self":[{"href":"http:\/\/kon-tra.de\/wordpress\/wp-json\/wp\/v2\/pages\/1129"}],"collection":[{"href":"http:\/\/kon-tra.de\/wordpress\/wp-json\/wp\/v2\/pages"}],"about":[{"href":"http:\/\/kon-tra.de\/wordpress\/wp-json\/wp\/v2\/types\/page"}],"author":[{"embeddable":true,"href":"http:\/\/kon-tra.de\/wordpress\/wp-json\/wp\/v2\/users\/2"}],"replies":[{"embeddable":true,"href":"http:\/\/kon-tra.de\/wordpress\/wp-json\/wp\/v2\/comments?post=1129"}],"version-history":[{"count":10,"href":"http:\/\/kon-tra.de\/wordpress\/wp-json\/wp\/v2\/pages\/1129\/revisions"}],"predecessor-version":[{"id":2726,"href":"http:\/\/kon-tra.de\/wordpress\/wp-json\/wp\/v2\/pages\/1129\/revisions\/2726"}],"up":[{"embeddable":true,"href":"http:\/\/kon-tra.de\/wordpress\/wp-json\/wp\/v2\/pages\/1504"}],"wp:featuredmedia":[{"embeddable":true,"href":"http:\/\/kon-tra.de\/wordpress\/wp-json\/wp\/v2\/media\/2332"}],"wp:attachment":[{"href":"http:\/\/kon-tra.de\/wordpress\/wp-json\/wp\/v2\/media?parent=1129"}],"curies":[{"name":"wp","href":"https:\/\/api.w.org\/{rel}","templated":true}]}}