{"id":1311,"date":"2020-08-18T20:02:19","date_gmt":"2020-08-18T18:02:19","guid":{"rendered":"http:\/\/kon-tra.de\/wordpress\/?page_id=1311"},"modified":"2025-03-18T14:08:39","modified_gmt":"2025-03-18T13:08:39","slug":"abenteuer","status":"publish","type":"page","link":"http:\/\/kon-tra.de\/wordpress\/selbstsicherheit\/projekt-tage\/abenteuer\/","title":{"rendered":"Abenteuer erleben"},"content":{"rendered":"<h3><span style=\"font-family: helvetica, arial, sans-serif; font-size: 12pt; color: #800000;\"><strong>Ihr wollt in der Natur und im Wald \u00fcber einen Projekt-Tag \u201eAbenteuer erleben\u201c, dann seid ihr genau richtig hier. F\u00fcr diese Abenteuer ben\u00f6tigt ihr keine komplexe Ausr\u00fcstung. Ihr ben\u00f6tigt eure Fantasie, sodass ihr euch in die Geschichten der Abenteuer hineinversetzen k\u00f6nnt, eure H\u00e4nde, euer kreatives Denken, Teamf\u00e4higkeit und kooperatives Handeln, Durchhalteverm\u00f6gen, Konzentration sowie Geschicklichkeit, um die Abenteuer zu erfahren und zu erleben.<\/strong><\/span><br \/>\n<span style=\"font-family: helvetica, arial, sans-serif; font-size: 12pt; color: #000000;\"><br \/>\nDer Projekt-Tag &#8222;Abenteuer erleben&#8220; bietet Kindern &amp; Jugendlichen in der Natur, im Wald Abenteueraktionen und Abenteuerspiele in der Gruppe zu erleben, sich mit den Aufgaben auseinander zu setzen, diese kreativ zu l\u00f6sen und positiv zu erfahren. Dabei werden Lernprozesse durch Erlebnisse und Abenteuer die in der Natur erlebt werden, in Gang gesetzt. Die F\u00e4higkeiten von jedem einzelnen werden erkannt und in der Gruppe, im Team eingesetzt und die eigenen Grenzen k\u00f6nnen dabei wahrgenommen, erfahren und angenommen werden. Dabei werden das Selbstvertrauen und der Selbstwert, die Sozialkompetenz, die Pers\u00f6nlichkeit und die Eigeninitiative gef\u00f6rdert und k\u00f6nnen <\/span><span style=\"font-family: helvetica, arial, sans-serif; font-size: 12pt; color: #000000;\">sich positiv entwickeln.<br \/>\n<\/span><span style=\"font-family: helvetica, arial, sans-serif; font-size: 12pt; color: #000000;\"><strong><span style=\"color: #800000;\">Bei \u201eAbenteuer erleben\u201c liegt der Schwerpunkt immer auf dem Spa\u00df am gemeinsamen Tun, auf Spontanit\u00e4t, Ungezwungenheit und auf der Botschaft, dass das Mitmachen wichtiger ist als die Pr\u00e4sentation von Ergebnissen.<br \/>\n<\/span><br \/>\n<span style=\"color: #800000;\">Der Projekt-Tag &#8222;Abenteuer in der Natur und im Wald erleben&#8220;:<\/span><\/strong><br \/>\n<strong><span style=\"color: #800000;\">\u2022<\/span> <\/strong>unterst\u00fctzt das Natur-Bewusstsein.<\/span><br \/>\n<span style=\"font-family: helvetica, arial, sans-serif; font-size: 12pt; color: #000000;\"><span style=\"color: #800000;\"><strong>\u2022<\/strong> <\/span>f\u00f6rdert die Achtsamkeit gegen\u00fcber sich selbst, anderen und der Natur gegen\u00fcber.<\/span><br \/>\n<span style=\"font-family: helvetica, arial, sans-serif; font-size: 12pt; color: #000000;\"><span style=\"color: #800000;\"><strong>\u2022<\/strong> <\/span>st\u00e4rkt den Zusammenhalt, das Wir-Gef\u00fchl, das Klassen-Klima und die Teamf\u00e4higkeit.<\/span><br \/>\n<span style=\"font-family: helvetica, arial, sans-serif; font-size: 12pt; color: #000000;\"><span style=\"color: #800000;\"><strong>\u2022<\/strong> <\/span>f\u00f6rdert die soziale Kompetenz &amp; die Empathie.<\/span><br \/>\n<span style=\"font-family: helvetica, arial, sans-serif; font-size: 12pt; color: #000000;\"><span style=\"color: #800000;\"><strong>\u2022<\/strong> <\/span>st\u00e4rkt das Selbstwertgef\u00fchl.<\/span><br \/>\n<span style=\"font-family: helvetica, arial, sans-serif; font-size: 12pt; color: #000000;\"><span style=\"color: #800000;\"><strong>\u2022<\/strong> <\/span>f\u00f6rdert die Kreativit\u00e4t, sowie das Einsetzen der eigenen F\u00e4higkeiten in die Gruppe.<\/span><br \/>\n<span style=\"font-family: helvetica, arial, sans-serif; font-size: 12pt; color: #000000;\"><span style=\"color: #800000;\"><strong>\u2022<\/strong> <\/span>unterst\u00fctzt das Miteinander reden &amp; handeln.<br \/>\n<\/span><span style=\"font-family: helvetica, arial, sans-serif; font-size: 12pt; color: #000000;\"><span style=\"color: #800000;\"><strong>\u2022<\/strong><\/span> f\u00f6rdert die eigene Reflexion: Austausch \u00fcber die Aufgaben und die Erfahrungen.<\/span><\/h3>\n<h3><span style=\"font-family: helvetica, arial, sans-serif; font-size: 12pt; color: #000000;\"><strong><span style=\"color: #800000;\">&#8222;Abenteuer erleben&#8220; beinhaltet Spiele und \u00dcbungen aus den Bereichen:<\/span><\/strong><br \/>\n<span style=\"color: #800000;\"><strong>\u2022<\/strong><\/span> Kennenlernen &#8211; Spielerisch und mit Spa\u00df in Kontakt kommen.<br \/>\n<span style=\"color: #800000;\"><strong>\u2022<\/strong> <\/span>Warming-Up &#8211; Miteinander in Bewegung kommen.<br \/>\n<span style=\"color: #800000;\"><strong>\u2022<\/strong> <\/span>Wahrnehmung &#8211; Sensibilisierung f\u00fcr das Miteinander in der Natur erfahren.<br \/>\n<span style=\"color: #800000;\"><strong>\u2022<\/strong> <\/span>Vertrauen &#8211; F\u00e4higkeiten entdecken, die Selbstsicherheit st\u00e4rken, Grenzen annehmen.<br \/>\n<span style=\"color: #800000;\"><strong>\u2022<\/strong><\/span> Kooperation &#8211; Miteinander, Kommunikation, Zuh\u00f6ren, Zusammenarbeit und Zusammenhalt.<br \/>\n<span style=\"color: #800000;\"><strong>\u2022<\/strong><\/span> Abenteueraktionen &#8211; Kommunikation, zusammen planen, F\u00e4higkeiten von jedem integrieren, Verantwortung \u00fcbernehmen und gemeinsam konstruktiv handeln.<br \/>\n<span style=\"color: #800000;\"><strong>\u2022<\/strong><\/span> Reflexion &#8211; Sich mitteilen &#8222;Was haben wir gut gemacht und gibt es Punkte die wir \u00e4ndern k\u00f6nnen&#8220;.<br \/>\n<\/span><\/h3>\n<h3><span style=\"color: #800000;\"><strong><span style=\"font-family: helvetica, arial, sans-serif; font-size: 12pt;\">Projekt-Tag &#8211; m\u00f6gliche Inhalte:<\/span><\/strong><\/span><br \/>\n<span style=\"font-family: helvetica, arial, sans-serif; font-size: 12pt; color: #000000;\"><span style=\"color: #800000;\"><strong>\u2022 <\/strong><\/span>Abenteueraktionen in der Natur und im Wald.<\/span><br \/>\n<span style=\"font-family: helvetica, arial, sans-serif; font-size: 12pt; color: #000000;\"><span style=\"color: #800000;\"><strong>\u2022 <\/strong><\/span>Einen Unterstand und ein Lager bauen.<\/span><br \/>\n<span style=\"font-family: helvetica, arial, sans-serif; font-size: 12pt; color: #000000;\"><span style=\"color: #800000;\"><strong>\u2022<\/strong> <\/span>Das Waldtelefon \u201eNachrichten trommeln\u201c.<br \/>\n<span style=\"color: #800000;\"><strong>\u2022<\/strong> <\/span>F\u00fcr die Tiere G\u00e4steh\u00e4user bauen.<br \/>\n<\/span><span style=\"font-family: helvetica, arial, sans-serif; font-size: 12pt; color: #000000;\"><strong><span style=\"color: #800000;\">\u2022 <\/span><\/strong>Kooperationsspiele, u.a. der magische Wald, Polarexpedition, Extrabreit.<\/span><br \/>\n<span style=\"font-family: helvetica, arial, sans-serif; font-size: 12pt; color: #000000;\"><span style=\"color: #800000;\"><strong>\u2022<\/strong> <\/span>Bach\u00fcberquerung und H\u00e4ngebr\u00fccke und <\/span><span style=\"font-family: helvetica, arial, sans-serif; font-size: 12pt; color: #000000;\">Wassertransport.<\/span><br \/>\n<span style=\"font-family: helvetica, arial, sans-serif; font-size: 12pt; color: #000000;\"><span style=\"color: #800000;\"><strong>\u2022<\/strong> <\/span>Kinder in ihrem Element &#8222;Sinnliches Erleben von Feuer und Erde, Wasser und Luft.<\/span><br \/>\n<span style=\"font-family: helvetica, arial, sans-serif; font-size: 12pt; color: #000000;\"><span style=\"color: #800000;\"><strong>\u2022<\/strong><\/span> Einen Lehmofen bauen und Brot backen.<\/span><br \/>\n<span style=\"font-family: helvetica, arial, sans-serif; font-size: 12pt; color: #000000;\"><span style=\"color: #800000;\"><strong>\u2022<\/strong><\/span> Sich orientieren<\/span><span style=\"font-family: helvetica, arial, sans-serif; font-size: 12pt; color: #000000;\"><span style=\"color: #000000;\"> anhand der Sonne, der Natur und ihren Hinweisen.<\/span><br \/>\n<\/span><\/h3>\n<p><span style=\"color: #800000;\"><strong><span style=\"font-family: helvetica, arial, sans-serif; font-size: 12pt;\">Sie suchen:<\/span><\/strong><\/span><br \/>\n<span style=\"font-family: helvetica, arial, sans-serif; font-size: 12pt; color: #000000;\"><strong><span style=\"color: #800000;\">\u2022<\/span> <\/strong>ein &#8222;Abenteuer&#8220; Projekt-Tag f\u00fcr ihre Kinder &amp; Jugendlichen in Ihrer KiTa, Schule, Einrichtung?<\/span><br \/>\n<span style=\"font-family: helvetica, arial, sans-serif; font-size: 12pt; color: #000000;\"><span style=\"color: #800000;\"><strong> \u2022<\/strong><\/span> eine Weiterbildung zur Schulung Ihrer Mitarbeiter, in Ihrer KiTa, Schule, Einrichtung?<\/span><\/p>\n<h3><strong><span style=\"font-family: helvetica, arial, sans-serif; font-size: 12pt; color: #000000;\"><span style=\"color: #800000;\">Gerne berate ich Sie pers\u00f6nlich.<\/span><br \/>\nHarald Hasen\u00f6hrl<\/span><\/strong><br \/>\n<strong><span style=\"font-family: helvetica, arial, sans-serif; font-size: 12pt; color: #000000;\"> Telefon: 06345- 9596855<\/span><\/strong><br \/>\n<strong><span style=\"font-family: helvetica, arial, sans-serif; font-size: 12pt; color: #000000;\"> Email: <a style=\"color: #000000;\" href=\"mailto:info@kon-tra.de\"><span style=\"color: #000080;\">info@kon-tra.de<\/span><\/a><\/span><\/strong><\/h3>\n","protected":false},"excerpt":{"rendered":"<p>Ihr wollt in der Natur und im Wald \u00fcber einen Projekt-Tag \u201eAbenteuer erleben\u201c, dann seid ihr genau richtig hier. F\u00fcr diese Abenteuer ben\u00f6tigt ihr keine komplexe Ausr\u00fcstung. Ihr ben\u00f6tigt eure Fantasie, sodass ihr euch in die Geschichten der Abenteuer hineinversetzen k\u00f6nnt, eure H\u00e4nde, euer kreatives Denken, Teamf\u00e4higkeit und kooperatives Handeln, Durchhalteverm\u00f6gen, Konzentration sowie Geschicklichkeit, um&#8230;<\/p>\n","protected":false},"author":2,"featured_media":1252,"parent":1769,"menu_order":2,"comment_status":"closed","ping_status":"closed","template":"fullwidth.php","meta":[],"_links":{"self":[{"href":"http:\/\/kon-tra.de\/wordpress\/wp-json\/wp\/v2\/pages\/1311"}],"collection":[{"href":"http:\/\/kon-tra.de\/wordpress\/wp-json\/wp\/v2\/pages"}],"about":[{"href":"http:\/\/kon-tra.de\/wordpress\/wp-json\/wp\/v2\/types\/page"}],"author":[{"embeddable":true,"href":"http:\/\/kon-tra.de\/wordpress\/wp-json\/wp\/v2\/users\/2"}],"replies":[{"embeddable":true,"href":"http:\/\/kon-tra.de\/wordpress\/wp-json\/wp\/v2\/comments?post=1311"}],"version-history":[{"count":10,"href":"http:\/\/kon-tra.de\/wordpress\/wp-json\/wp\/v2\/pages\/1311\/revisions"}],"predecessor-version":[{"id":1809,"href":"http:\/\/kon-tra.de\/wordpress\/wp-json\/wp\/v2\/pages\/1311\/revisions\/1809"}],"up":[{"embeddable":true,"href":"http:\/\/kon-tra.de\/wordpress\/wp-json\/wp\/v2\/pages\/1769"}],"wp:featuredmedia":[{"embeddable":true,"href":"http:\/\/kon-tra.de\/wordpress\/wp-json\/wp\/v2\/media\/1252"}],"wp:attachment":[{"href":"http:\/\/kon-tra.de\/wordpress\/wp-json\/wp\/v2\/media?parent=1311"}],"curies":[{"name":"wp","href":"https:\/\/api.w.org\/{rel}","templated":true}]}}