{"id":1504,"date":"2022-05-02T18:07:34","date_gmt":"2022-05-02T16:07:34","guid":{"rendered":"http:\/\/kon-tra.de\/wordpress\/?page_id=1504"},"modified":"2026-04-03T18:18:29","modified_gmt":"2026-04-03T16:18:29","slug":"ferien-spass","status":"publish","type":"page","link":"http:\/\/kon-tra.de\/wordpress\/ferien-spass\/","title":{"rendered":"Ferien-Spass 2026"},"content":{"rendered":"<p><strong><span style=\"font-family: helvetica, arial, sans-serif; font-size: 12pt; color: #000000;\"><span style=\"color: #800000;\">Ihr wollt in den Sommerferien 2026 \u201eAbenteuer im Wald erleben\u201c, dann seid ihr hier genau richtig. F\u00fcr das Ferienprogramm in den Sommerferien:<\/span><\/span><span style=\"font-family: helvetica, arial, sans-serif; font-size: 12pt; color: #000000;\"><span style=\"color: #800000;\"><br \/>\n<span style=\"color: #000000;\"><span style=\"color: #800000;\">\u2022<\/span> Walderlebnis-Tage &#8222;Werkstatt-Natur, Entdecker sein, Survival im Wald, Waldzauber&#8220; vom 30.06. &#8211; 03.07.2026<\/span><br \/>\n\u2022 <\/span><\/span><span style=\"font-family: helvetica, arial, sans-serif; font-size: 12pt; color: #000000;\">Walderlebnis-Tage &#8222;Werkstatt-Natur, Entdecker sein, Survival im Wald, Waldzauber&#8220; <\/span><span style=\"font-family: helvetica, arial, sans-serif; font-size: 12pt; color: #000000;\"><span style=\"color: #800000;\"><span style=\"color: #000000;\">vom 14.07. &#8211; 17.07.2026<\/span><\/span><\/span><span style=\"font-family: helvetica, arial, sans-serif; font-size: 12pt; color: #000000;\"><span style=\"color: #800000;\"><br \/>\n<\/span><\/span><span style=\"font-family: helvetica, arial, sans-serif; font-size: 12pt; color: #000000;\"><span style=\"color: #800000;\">\u2022 <span style=\"color: #000000;\">Abenteuer &amp; <\/span><\/span>Drachenstock Sommercamp &#8222;Sei dabei und erlebe das Abenteuer&#8220; vom 01.08. &#8211; 06.08.2026<span style=\"color: #800000;\"><br \/>\nben\u00f6tigt ihr keine komplexe Ausr\u00fcstung.<\/span><\/span><\/strong><br \/>\n<span style=\"font-family: helvetica, arial, sans-serif; font-size: 12pt; color: #000000;\">Ihr ben\u00f6tigt eure Fantasie, sodass ihr euch in die Themen der Tage hineinversetzen k\u00f6nnt, eure H\u00e4nde, eure Kreativit\u00e4t,\u00a0 ein \u201eWir sind gemeinsam stark\u201c Gef\u00fchl, sowie Konzentration und Mut, um die Abenteuer zu erfahren und zu erleben.<\/span><br \/>\n<span style=\"font-family: helvetica, arial, sans-serif; font-size: 12pt; color: #800000;\"><strong>\u00bb<\/strong><strong>Auf euch wartet ein abwechslungsreiches und spannendes Programm sowie Spa\u00df und Abenteuer!<\/strong><strong>\u00ab<\/strong><\/span><\/p>\n<p><span style=\"font-family: helvetica, arial, sans-serif; font-size: 12pt;\"><strong><span style=\"color: #800000;\">Die Sommerferien-Spass Aktionen 2026:<br \/>\n\u2022 <span style=\"color: #000000;\">Walderlebnis Tage vom 30.06. &#8211; 03.07.2026 &#8211; <span style=\"text-decoration: underline;\"><span style=\"color: #000000; text-decoration: underline;\">PDF<\/span>-Datei:<\/span> <a href=\"http:\/\/kon-tra.de\/wordpress\/wp-content\/uploads\/2026\/04\/Walderlebnis-Tage-30.06.-03.07.2026.pdf\"><span style=\"color: #000080;\">Walderlebnis-Tage 30.06.-03.07.2026<\/span><\/a><\/span><br \/>\n<span style=\"color: #000000;\"><span style=\"color: #800000;\">\u2022<\/span> Walderlebnis-Tage vom 14.07. &#8211; 17.07.2026 &#8211;<\/span> <span style=\"text-decoration: underline;\"><span style=\"color: #000000; text-decoration: underline;\">PDF-Datei:<\/span><\/span> <span style=\"color: #000080;\"><a style=\"color: #000080;\" href=\"http:\/\/kon-tra.de\/wordpress\/wp-content\/uploads\/2026\/04\/Walderlebnis-Tage-14.07.-17.07.2026.pdf\">Walderlebnis-Tage 14.07.-17.07.2026<\/a><\/span><br \/>\n<\/span><\/strong><\/span><span style=\"font-family: helvetica, arial, sans-serif; font-size: 12pt;\"><strong><span style=\"color: #800000;\">\u2022 <span style=\"color: #000000;\">Abenteuer &amp; Drachenstock Sommercamp vom 01.08. &#8211; 06.08.2026 &#8211; <span style=\"text-decoration: underline;\">PDF-Datei:<\/span> <a href=\"http:\/\/kon-tra.de\/wordpress\/wp-content\/uploads\/2026\/04\/Abenteuer-Drachenstock-Sommercamp-2026.pdf\"><span style=\"color: #000080;\">Abenteuer-Drachenstock Sommercamp 2026<\/span><\/a><\/span><br \/>\nvom Kreisjugendamt S\u00fcdliche Weinstra\u00dfe bezuschusst und gef\u00f6rdert.<br \/>\n<\/span><\/strong><span style=\"color: #800000;\"><span style=\"color: #000000;\">Das Kreisjugendamt S\u00fcdliche Weinstra\u00dfe bezuschusst und f\u00f6rdert Kinder und Jugendliche bis 18 Jahre aus dem Landkreis S\u00fcdliche Weinstra\u00dfe und der Stadt Landau.<\/span><\/span><\/span><\/p>\n<h3><span style=\"font-family: helvetica, arial, sans-serif; font-size: 12pt; color: #000000;\"><strong><span style=\"color: #800000;\">Gerne berate ich Sie pers\u00f6nlich.<\/span><br \/>\nHarald Hasen\u00f6hrl<\/strong><\/span><br \/>\n<span style=\"font-family: helvetica, arial, sans-serif; font-size: 12pt; color: #000000;\"><strong> Telefon: 06345- 9596855<\/strong><\/span><br \/>\n<span style=\"font-family: helvetica, arial, sans-serif; font-size: 12pt; color: #000000;\"><strong> Email: <span style=\"color: #000080;\"><a style=\"color: #000080;\" href=\"mailto:info@kon-tra.de\">info@kon-tra.de<\/a><\/span><\/strong><\/span><\/h3>\n","protected":false},"excerpt":{"rendered":"<p>Ihr wollt in den Sommerferien 2026 \u201eAbenteuer im Wald erleben\u201c, dann seid ihr hier genau richtig. F\u00fcr das Ferienprogramm in den Sommerferien: \u2022 Walderlebnis-Tage &#8222;Werkstatt-Natur, Entdecker sein, Survival im Wald, Waldzauber&#8220; vom 30.06. &#8211; 03.07.2026 \u2022 Walderlebnis-Tage &#8222;Werkstatt-Natur, Entdecker sein, Survival im Wald, Waldzauber&#8220; vom 14.07. &#8211; 17.07.2026 \u2022 Abenteuer &amp; Drachenstock Sommercamp &#8222;Sei dabei&#8230;<\/p>\n","protected":false},"author":2,"featured_media":1757,"parent":0,"menu_order":3,"comment_status":"closed","ping_status":"closed","template":"fullwidth.php","meta":[],"_links":{"self":[{"href":"http:\/\/kon-tra.de\/wordpress\/wp-json\/wp\/v2\/pages\/1504"}],"collection":[{"href":"http:\/\/kon-tra.de\/wordpress\/wp-json\/wp\/v2\/pages"}],"about":[{"href":"http:\/\/kon-tra.de\/wordpress\/wp-json\/wp\/v2\/types\/page"}],"author":[{"embeddable":true,"href":"http:\/\/kon-tra.de\/wordpress\/wp-json\/wp\/v2\/users\/2"}],"replies":[{"embeddable":true,"href":"http:\/\/kon-tra.de\/wordpress\/wp-json\/wp\/v2\/comments?post=1504"}],"version-history":[{"count":10,"href":"http:\/\/kon-tra.de\/wordpress\/wp-json\/wp\/v2\/pages\/1504\/revisions"}],"predecessor-version":[{"id":2722,"href":"http:\/\/kon-tra.de\/wordpress\/wp-json\/wp\/v2\/pages\/1504\/revisions\/2722"}],"wp:featuredmedia":[{"embeddable":true,"href":"http:\/\/kon-tra.de\/wordpress\/wp-json\/wp\/v2\/media\/1757"}],"wp:attachment":[{"href":"http:\/\/kon-tra.de\/wordpress\/wp-json\/wp\/v2\/media?parent=1504"}],"curies":[{"name":"wp","href":"https:\/\/api.w.org\/{rel}","templated":true}]}}