{"id":1596,"date":"2022-06-15T23:51:42","date_gmt":"2022-06-15T21:51:42","guid":{"rendered":"http:\/\/kon-tra.de\/wordpress\/?page_id=1596"},"modified":"2026-04-03T18:19:23","modified_gmt":"2026-04-03T16:19:23","slug":"wald-erlebnis-tage-09-12-08-2022","status":"publish","type":"page","link":"http:\/\/kon-tra.de\/wordpress\/ferien-spass\/wald-erlebnis-tage-09-12-08-2022\/","title":{"rendered":"Walderlebnis-Tage Sommerferien 30.06. &#8211; 03.07.2026"},"content":{"rendered":"<p><span style=\"font-family: helvetica, arial, sans-serif; font-size: 12pt; color: #000000;\"><strong><span style=\"color: #800000;\"><span style=\"color: #000000;\"><span style=\"font-size: 14pt;\"><span style=\"color: #800000;\">FERIEN-SPASS vom 30. Juni &#8211; 03. Juli 2026<\/span><\/span><\/span><\/span><\/strong><\/span><\/p>\n<p><strong><span style=\"color: #800000; font-size: 14pt; font-family: helvetica, arial, sans-serif;\">Walderlebnis-Tage &#8222;Werkstatt-Natur \u2022 Entdecker sein \u2022 Survival-Leben im Wald \u2022 Waldzauber&#8220; auf und in der Ringelsbergh\u00fctte bei Frankweiler f\u00fcr Kinder von 6 bis 12 Jahren<\/span><\/strong><br \/>\n<strong><span style=\"font-size: 14pt; font-family: helvetica, arial, sans-serif;\"><span style=\"color: #000000;\">Download \u2013 PDF-Datei: <a href=\"http:\/\/kon-tra.de\/wordpress\/wp-content\/uploads\/2026\/04\/Walderlebnis-Tage-30.06.-03.07.2026.pdf\"><span style=\"color: #000080;\">Walderlebnis-Tage 30.06.-03.07.2026<\/span><\/a><\/span><\/span><\/strong><\/p>\n<p><span style=\"font-family: helvetica, arial, sans-serif; font-size: 12pt; color: #800000;\"><strong><span style=\"color: #800000;\">Ihr wollt vom 30. Juni &#8211; 03. Juli Abenteuer im Wald erleben mit Waldzauber, Werkstatt-Natur, Entdecker sein und Survival? Dann seid ihr genau richtig hier.<\/span> <\/strong><\/span><span style=\"font-family: helvetica, arial, sans-serif; font-size: 12pt; color: #000000;\">An den vier Tagen bietet sich die M\u00f6glichkeit die Geheimnisse des Waldes zu entdecken, alle Sinne zu aktivieren, mit den H\u00e4nden zu gestalten, zu h\u00f6ren, zu riechen, zu f\u00fchlen und sich gegenseitig zu vertrauen. Wir erfahren, wie wichtig der Wald f\u00fcr uns Menschen ist und wie er funktioniert, wer sich dort alles aufh\u00e4lt und was er f\u00fcr Sch\u00e4tze f\u00fcr uns bereith\u00e4lt.<br \/>\n<\/span><span style=\"font-family: helvetica, arial, sans-serif; font-size: 12pt; color: #000000;\">Es geht darum, sich mit Freude und Achtsamkeit im Wald zu bewegen, Geschicklichkeit einzusetzen, Kreativit\u00e4t zu entfalten, Kooperationsf\u00e4higkeit zu schulen, die Sozialkompetenz zu f\u00f6rdern, das Selbstvertrauen und den Selbstwert zu st\u00e4rken.<br \/>\n<span style=\"color: #800000;\"><strong>\u00bb Auf euch wartet ein abwechslungsreiches Programm und eine Menge Spa\u00df und Abenteuer!<\/strong><\/span><br \/>\n<\/span><\/p>\n<p><span style=\"font-family: helvetica, arial, sans-serif; font-size: 12pt; color: #000000;\">Wir verbringen die vier Tage auf und in der Ringelsbergh\u00fctte. Diese befindet sich weit \u00fcber den D\u00e4chern von Frankweiler auf dem gleichnamigen Ringelsberg. Sie verf\u00fcgt \u00fcber eine einzigartige Panoramaterrasse mit Blick in die Rheinebene. Wir nutzen die Ringelsbergh\u00fctte als unsere Anlaufstelle, d\u00fcrfen dort die R\u00e4umlichkeiten und die Toiletten benutzen. <\/span><br \/>\n<span style=\"font-family: helvetica, arial, sans-serif; font-size: 12pt; color: #000000;\">Unser t\u00e4glicher Treffpunkt ist der Waldparkplatz in Frankweiler und wir sorgen f\u00fcr den Transport der Rucks\u00e4cke zur H\u00fctte. Zur H\u00fctte und zur\u00fcck gehen wir zu Fu\u00df.<\/span><\/p>\n<p><span style=\"font-family: helvetica, arial, sans-serif; font-size: 12pt; color: #000000;\"><strong><span style=\"font-size: 14pt; color: #800000;\">Waldzauber f\u00fcr Kinder am Dienstag, 30. Juni 2026<br \/>\n<\/span><\/strong><\/span><span style=\"font-family: helvetica, arial, sans-serif; font-size: 12pt; color: #000000;\">Bei dem Waldzauber Erlebnis-Tag lernen wir den Wald mit anderen Augen zu sehen, in dem wir ein Klangspiel bauen, B\u00e4ume mit allen Sinnen erfahren, Erdfenster erleben, Zauberh\u00f6hlen bauen, ein Gl\u00fccksmedaillon schnitzen und einen Stockfreund gestalten sowie Waldgeschenke entdecken.<br \/>\n<\/span><span style=\"font-family: helvetica, arial, sans-serif; font-size: 12pt; color: #000000;\"><strong><span style=\"color: #800000;\">\u25ba<\/span><\/strong> Ein Tag voller \u00dcberraschungen!<\/span><br \/>\n<span style=\"font-family: helvetica, arial, sans-serif; font-size: 12pt; color: #000000;\"><span style=\"color: #800000;\"><strong>Termin:\u00a0\u00a0\u00a0\u00a0\u00a0\u00a0\u00a0\u00a0\u00a0 Dienstag, 30. Juni 2026<\/strong>\u00a0<\/span> <\/span><br \/>\n<span style=\"font-family: helvetica, arial, sans-serif; font-size: 12pt; color: #000000;\"><strong><span style=\"color: #800000;\">Zeit:<\/span> \u00a0\u00a0\u00a0\u00a0\u00a0\u00a0\u00a0\u00a0\u00a0\u00a0\u00a0\u00a0\u00a0\u00a0 09.30 &#8211; 15.30 Uhr<\/strong><br \/>\n<span style=\"color: #800000;\"><strong>Wichtig:<\/strong>\u00a0<\/span> \u00a0\u00a0\u00a0\u00a0\u00a0\u00a0 <strong><span style=\"color: #800000;\">\u2022<\/span> <\/strong>Bei Regen bitte Regenjacke und Regenkleidung mitbringen!<br \/>\n<strong><span style=\"color: #800000;\">\u00a0\u00a0\u00a0\u00a0\u00a0\u00a0\u00a0\u00a0\u00a0\u00a0\u00a0\u00a0\u00a0\u00a0\u00a0\u00a0\u00a0\u00a0\u00a0\u00a0\u00a0\u00a0 \u2022<\/span> <\/strong>Bitte bringt euch f\u00fcr den Tag etwas zum Essen und zum Trinken, sowie ein Taschenmesser mit!<br \/>\n<span style=\"color: #800000;\"><strong>Alter:\u00a0 <\/strong><\/span>\u00a0\u00a0\u00a0\u00a0\u00a0\u00a0\u00a0\u00a0\u00a0\u00a0\u00a0 6 \u2013 12 Jahre<br \/>\n<span style=\"color: #800000;\"><strong>Teilnehmer:<\/strong>\u00a0<\/span>\u00a0 maximal 14 Kinder<br \/>\n<\/span><\/p>\n<p><span style=\"font-family: helvetica, arial, sans-serif; font-size: 12pt; color: #000000;\"><strong><span style=\"color: #800000; font-size: 14pt;\">Werkstatt-Natur f\u00fcr Kinder am Mittwoch, 01. Juli 2026<\/span><br \/>\n<\/strong><\/span><span style=\"font-family: helvetica, arial, sans-serif; font-size: 12pt; color: #000000;\">F\u00fcr den Werkstatt Natur-Tag ben\u00f6tigt ihr eure H\u00e4nde und eure Fantasie, Spa\u00df und Neugierde was man alles mit Fundst\u00fccken und Waldsch\u00e4tzen fertigen kann, z.B. Waldmobile, Kraftkette, Zauberstab, Kraftstock und eine Zwille.<br \/>\n<\/span><span style=\"font-family: helvetica, arial, sans-serif; font-size: 12pt; color: #000000;\"><span style=\"color: #800000;\"><strong>\u25ba<\/strong><\/span> Der Tag steckt voller M\u00f6glichkeit f\u00fcr Spa\u00df und Kreativit\u00e4t.<strong><br \/>\n<\/strong><strong><span style=\"color: #800000;\">Termin:\u00a0\u00a0\u00a0\u00a0\u00a0\u00a0\u00a0\u00a0\u00a0 Mittwoch, 01. Juli 2026<\/span><br \/>\n<\/strong><strong><span style=\"color: #800000;\">Zeit:<\/span> \u00a0\u00a0\u00a0\u00a0\u00a0\u00a0\u00a0\u00a0\u00a0\u00a0\u00a0\u00a0\u00a0\u00a0 09.30 &#8211; 15.30 Uhr<\/strong><br \/>\n<span style=\"color: #800000;\"><strong>Wichtig:<\/strong>\u00a0<\/span> \u00a0\u00a0\u00a0\u00a0\u00a0\u00a0 <span style=\"color: #800000;\"><strong>\u2022 <\/strong><\/span>Bei Regen bitte Regenjacke und Regenkleidung mitbringen!<br \/>\n<strong>\u00a0\u00a0\u00a0\u00a0\u00a0\u00a0\u00a0\u00a0\u00a0\u00a0\u00a0\u00a0\u00a0\u00a0\u00a0\u00a0\u00a0\u00a0\u00a0\u00a0\u00a0\u00a0 <span style=\"color: #800000;\">\u2022 <\/span><\/strong>Bitte bringt euch f\u00fcr den Tag etwas zum Essen und zum Trinken, sowie ein Taschenmesser mit!<br \/>\n<span style=\"color: #800000;\"><strong>Alter:\u00a0 <\/strong><\/span>\u00a0\u00a0\u00a0\u00a0\u00a0\u00a0\u00a0\u00a0\u00a0\u00a0\u00a0 6 \u2013 12 Jahre<br \/>\n<span style=\"color: #800000;\"><strong>Teilnehmer:<\/strong>\u00a0<\/span>\u00a0 maximal 14 Kinder<br \/>\n<\/span><\/p>\n<p><strong><span style=\"color: #800000; font-size: 14pt; font-family: helvetica, arial, sans-serif;\">Entdecker-Tag f\u00fcr Kinder am Donnerstag, 02. Juli 2026<\/span><br \/>\n<\/strong><span style=\"font-family: helvetica, arial, sans-serif; font-size: 12pt; color: #000000;\"><span style=\"color: #800000;\"><span style=\"color: #000000;\">An diesem Tag lernen wir uns anhand der Sonne, der Natur und ihren Hinweisen zu <\/span><span style=\"color: #000000;\">orientieren u.a. Ameisenhaufen befinden sich an der S\u00fcdseite, Moose an der Nord<\/span><span style=\"color: #000000;\">westseite der B\u00e4ume. Wir entdecken getarnte Tiere und ihre Spuren und bauen ein<\/span> <span style=\"color: #000000;\">G\u00e4stebett f\u00fcr die Waldbewohner.<\/span><br \/>\n<span style=\"color: #000000;\"><span style=\"color: #800000;\">\u25ba<\/span> Der Tag steckt voller spannender Entdeckungen.<\/span><\/span> <strong><br \/>\n<span style=\"color: #800000;\">Termin:\u00a0\u00a0\u00a0\u00a0\u00a0\u00a0\u00a0\u00a0\u00a0 Donnerstag, 02. Juli 2026 <\/span><br \/>\n<span style=\"color: #000000; font-size: 12pt; font-family: helvetica, arial, sans-serif;\"><span style=\"color: #800000;\">Zeit:<\/span> \u00a0\u00a0\u00a0\u00a0\u00a0\u00a0\u00a0\u00a0\u00a0\u00a0\u00a0\u00a0\u00a0\u00a0 <\/span>09.30 \u2013 15.30 Uhr<\/strong><br \/>\n<\/span><span style=\"font-family: helvetica, arial, sans-serif; font-size: 12pt; color: #000000;\"><span style=\"color: #800000;\"><strong>Wichtig:<\/strong>\u00a0<\/span> \u00a0\u00a0\u00a0\u00a0\u00a0\u00a0 <span style=\"color: #800000;\"><strong>\u2022 <\/strong><\/span>Bei Regen bitte Regenjacke und Regenkleidung mitbringen!<br \/>\n<strong>\u00a0\u00a0\u00a0\u00a0\u00a0\u00a0\u00a0\u00a0\u00a0\u00a0\u00a0\u00a0\u00a0\u00a0\u00a0\u00a0\u00a0\u00a0\u00a0\u00a0\u00a0\u00a0 <span style=\"color: #800000;\">\u2022 <\/span><\/strong>Bitte bringt euch f\u00fcr den Tag etwas zum Essen und zum Trinken, sowie ein Taschenmesser und eine Lupe mit!<br \/>\n<strong><span style=\"color: #800000;\">Alter:<\/span>\u00a0 <\/strong>\u00a0\u00a0\u00a0\u00a0\u00a0\u00a0\u00a0\u00a0\u00a0\u00a0\u00a0 6 \u2013 12 Jahre<br \/>\n<span style=\"color: #800000;\"><strong>Teilnehmer:<\/strong>\u00a0<\/span>\u00a0 maximal 14 Kinder<br \/>\n<\/span><\/p>\n<p><span style=\"font-family: helvetica, arial, sans-serif; font-size: 12pt; color: #000000;\"><strong><span style=\"color: #800000; font-size: 14pt;\">Survival im Wald am Freitag, 03. Juli 2026<br \/>\n<\/span><\/strong>Der Survival-Tag f\u00fchrt uns in das Abenteuer \u201eLeben im Wald\u201c. Wir bauen ein Lager mit Unterstand, eine Zwille, lernen verschiedene Knoten, fertigen Seile und experimentieren damit u.a. als Steighilfe oder Transportmittel.<br \/>\n<span style=\"color: #800000;\"><strong>\u25ba <\/strong><\/span>Der Tag steckt voller spannender Abenteuer.<\/span><span style=\"color: #000000;\"><span style=\"font-family: helvetica, arial, sans-serif; font-size: 12pt;\"><br \/>\n<\/span><\/span><span style=\"font-family: helvetica, arial, sans-serif; font-size: 12pt; color: #000000;\"><span style=\"color: #800000;\"><strong>Termin:\u00a0\u00a0\u00a0\u00a0\u00a0\u00a0\u00a0\u00a0\u00a0 Freitag, 03. Juli 2026<\/strong><\/span>\u00a0<\/span><br \/>\n<span style=\"font-family: helvetica, arial, sans-serif; font-size: 12pt; color: #000000;\"><strong><span style=\"color: #800000;\">Zeit: \u00a0<\/span> \u00a0\u00a0\u00a0\u00a0\u00a0\u00a0\u00a0\u00a0\u00a0\u00a0\u00a0\u00a0 <\/strong><strong>09.30 \u2013 15.30 Uhr<\/strong><br \/>\n<\/span><span style=\"font-family: helvetica, arial, sans-serif; font-size: 12pt; color: #000000;\"><span style=\"color: #800000;\"><strong>Wichtig:<\/strong>\u00a0<\/span> \u00a0\u00a0\u00a0\u00a0\u00a0\u00a0 <span style=\"color: #800000;\"><strong>\u2022 <\/strong><\/span>Bei Regen bitte Regenjacke und Regenkleidung mitbringen!<br \/>\n<strong>\u00a0\u00a0\u00a0\u00a0\u00a0\u00a0\u00a0\u00a0\u00a0\u00a0\u00a0\u00a0\u00a0\u00a0\u00a0\u00a0\u00a0\u00a0\u00a0\u00a0\u00a0\u00a0 <span style=\"color: #800000;\">\u2022 <\/span><\/strong>Bitte bringt euch f\u00fcr den Tag etwas zum Essen und zum Trinken, sowie ein Taschenmesser und eine Lupe mit!<br \/>\n<strong><span style=\"color: #800000;\">Alter:\u00a0<\/span> <\/strong>\u00a0\u00a0\u00a0\u00a0\u00a0\u00a0\u00a0\u00a0\u00a0\u00a0\u00a0 6 \u2013 12 Jahre<br \/>\n<span style=\"color: #800000;\"><strong>Teilnehmer:<\/strong><\/span> \u00a0 maximal 14 Kinder<br \/>\n<\/span><\/p>\n<p><span style=\"font-family: helvetica, arial, sans-serif; font-size: 12pt; color: #800000;\"><strong>___________________________________________________<\/strong><\/span><span style=\"font-family: helvetica, arial, sans-serif; font-size: 12pt; color: #000000;\"><strong><br \/>\n<\/strong><\/span><\/p>\n<p><span style=\"font-family: helvetica, arial, sans-serif; font-size: 12pt; color: #000000;\"><strong><u><span style=\"color: #800000; font-size: 14pt;\">KOSTEN \u2022 Walderlebnis-Tage vom 30.06. bis zum 03.07.2026:<\/span><br \/>\n<\/u><\/strong><strong><br \/>\n<\/strong><strong>F\u00fcr Kinder aus dem Kreis S\u00dcW und der Stadt Landau betragen die Geb\u00fchren f\u00fcr:<br \/>\n<\/strong><span style=\"color: #800000;\"><strong>\u25ba <\/strong><\/span><strong><span style=\"color: #800000;\">4 Tage \u2013 200,00 \u20ac\u00a0 \/ Geschwisterpreis 165,00 \u20ac\u00a0<\/span><br \/>\n<\/strong>Das <u>Kreisjugendamt S\u00dcW<\/u> bezuschusst \u00fcber das FerienSpass-Programm 2026 Kinder und Jugendliche aus dem <u>Kreis S\u00dcW und Stadt Landau<\/u>.<br \/>\n<strong><span style=\"font-family: helvetica, arial, sans-serif;\"><span style=\"color: #800000;\">\u00bb<\/span> <\/span><\/strong><br \/>\n<strong><br \/>\nF\u00fcr Kinder, die nicht aus dem Kreis S\u00dcW und Stadt Landau kommen, betragen die Geb\u00fchren f\u00fcr:<br \/>\n<\/strong><span style=\"color: #800000;\"><strong>\u25ba <\/strong><strong>4 Tage \u2013<span style=\"color: #800000;\"> 240,00 \u20ac<\/span><\/strong> <\/span><\/span><\/p>\n<p><span style=\"font-family: helvetica, arial, sans-serif; font-size: 12pt;\"><span style=\"color: #800000;\"><strong><u>LEITUNG:<\/u><\/strong><\/span><strong><span style=\"color: #800000;\"> \u00a0<\/span>\u00a0\u00a0\u00a0<\/strong><\/span><strong><span style=\"color: #000000; font-family: helvetica, arial, sans-serif; font-size: 12pt;\">Harald Hasen\u00f6hrl und Christine Lutz<\/span><\/strong><\/p>\n<p><strong><span style=\"font-family: helvetica, arial, sans-serif; font-size: 12pt;\"><span style=\"text-decoration: underline;\"><span style=\"color: #800000; text-decoration: underline;\">Anmeldung bei:<\/span><\/span> Harald Hasen\u00f6hrl und Christine Lutz<\/span><\/strong><\/p>\n<p><span style=\"font-family: helvetica, arial, sans-serif; font-size: 12pt; color: #800000;\"><strong>___________________________________________________<\/strong><\/span><\/p>\n<p><span style=\"font-family: helvetica, arial, sans-serif; font-size: 12pt; color: #000000;\"><strong><span style=\"color: #800000;\">Gerne berate ich Sie pers\u00f6nlich.<\/span><br \/>\n<\/strong><strong>Harald Hasen\u00f6hrl<\/strong><\/span><br \/>\n<span style=\"font-family: helvetica, arial, sans-serif; font-size: 12pt; color: #000000;\"><strong> Telefon: 06345- 9596855<\/strong><\/span><br \/>\n<span style=\"font-family: helvetica, arial, sans-serif; font-size: 12pt; color: #000000;\"><strong> Email: <span style=\"color: #000080;\"><a style=\"color: #000080;\" href=\"mailto:info@kon-tra.de\">info@kon-tra.de<\/a><\/span><\/strong><\/span><\/p>\n<p>&nbsp;<\/p>\n","protected":false},"excerpt":{"rendered":"<p>FERIEN-SPASS vom 30. Juni &#8211; 03. Juli 2026 Walderlebnis-Tage &#8222;Werkstatt-Natur \u2022 Entdecker sein \u2022 Survival-Leben im Wald \u2022 Waldzauber&#8220; auf und in der Ringelsbergh\u00fctte bei Frankweiler f\u00fcr Kinder von 6 bis 12 Jahren Download \u2013 PDF-Datei: Walderlebnis-Tage 30.06.-03.07.2026 Ihr wollt vom 30. Juni &#8211; 03. Juli Abenteuer im Wald erleben mit Waldzauber, Werkstatt-Natur, Entdecker sein&#8230;<\/p>\n","protected":false},"author":2,"featured_media":1689,"parent":1504,"menu_order":2,"comment_status":"closed","ping_status":"closed","template":"fullwidth.php","meta":[],"_links":{"self":[{"href":"http:\/\/kon-tra.de\/wordpress\/wp-json\/wp\/v2\/pages\/1596"}],"collection":[{"href":"http:\/\/kon-tra.de\/wordpress\/wp-json\/wp\/v2\/pages"}],"about":[{"href":"http:\/\/kon-tra.de\/wordpress\/wp-json\/wp\/v2\/types\/page"}],"author":[{"embeddable":true,"href":"http:\/\/kon-tra.de\/wordpress\/wp-json\/wp\/v2\/users\/2"}],"replies":[{"embeddable":true,"href":"http:\/\/kon-tra.de\/wordpress\/wp-json\/wp\/v2\/comments?post=1596"}],"version-history":[{"count":10,"href":"http:\/\/kon-tra.de\/wordpress\/wp-json\/wp\/v2\/pages\/1596\/revisions"}],"predecessor-version":[{"id":2723,"href":"http:\/\/kon-tra.de\/wordpress\/wp-json\/wp\/v2\/pages\/1596\/revisions\/2723"}],"up":[{"embeddable":true,"href":"http:\/\/kon-tra.de\/wordpress\/wp-json\/wp\/v2\/pages\/1504"}],"wp:featuredmedia":[{"embeddable":true,"href":"http:\/\/kon-tra.de\/wordpress\/wp-json\/wp\/v2\/media\/1689"}],"wp:attachment":[{"href":"http:\/\/kon-tra.de\/wordpress\/wp-json\/wp\/v2\/media?parent=1596"}],"curies":[{"name":"wp","href":"https:\/\/api.w.org\/{rel}","templated":true}]}}