{"id":2,"date":"2013-04-24T08:27:14","date_gmt":"2013-04-24T08:27:14","guid":{"rendered":"http:\/\/kon-tra.de\/wordpress\/?page_id=2"},"modified":"2026-02-04T09:58:57","modified_gmt":"2026-02-04T08:58:57","slug":"beispiel-seite","status":"publish","type":"page","link":"http:\/\/kon-tra.de\/wordpress\/","title":{"rendered":"Praxis"},"content":{"rendered":"<p><span style=\"font-family: helvetica, arial, sans-serif; font-size: 12pt; color: #662d2d;\"><strong>In Einzelberatungen in meiner Praxis sowie in Kursen und Projekten in KiTa\u00b4s, Schulen und Einrichtungen, unterst\u00fctze ich Kinder, Jugendliche und Erwachsene:<\/strong><\/span><br \/>\n<span style=\"color: #203029;\"><span style=\"font-family: helvetica, arial, sans-serif; font-size: 12pt;\"><span style=\"color: #662d2d;\"><strong>\u2022<\/strong><\/span> die Anforderungen in KiTa, Schule, Beruf und Alltag leichter und stressfreier bew\u00e4ltigen zu k\u00f6nnen.<br \/>\n<span style=\"color: #662d2d;\"><span style=\"color: #203029;\"><span style=\"color: #662d2d;\"><strong>\u2022<\/strong><\/span> selbstsicher und selbstbewusst aufzutreten sowie klare Grenzen zu setzen und diese zu kommunizieren.<\/span><strong><br \/>\n\u2022<\/strong> <\/span>leichter und effektiver zu lernen sowie sich zu konzentrieren, f\u00fcr Schule und Beruf.<br \/>\n<span style=\"color: #662d2d;\"><strong>\u2022<\/strong> <\/span>den K\u00f6rper, die Gef\u00fchle und die Gedanken bewusster wahrzunehmen und sich mitzuteilen.<\/span><span style=\"font-family: helvetica, arial, sans-serif; font-size: 12pt;\"><br \/>\n<span style=\"color: #662d2d;\"><strong>\u2022<\/strong> <\/span>die eigene Frustrationstoleranz zu erh\u00f6hen und positiv zu kommunizieren.<\/span><\/span><br \/>\n<span style=\"color: #203029; font-family: helvetica, arial, sans-serif; font-size: 12pt;\"><span style=\"color: #662d2d;\"><strong>\u2022<\/strong><\/span> konstruktive L\u00f6sungen f\u00fcr ein miteinander zu finden, zu ihnen zu stehen, diese umzusetzen und zu leben.<\/span><br \/>\n<span style=\"color: #203029; font-family: helvetica, arial, sans-serif; font-size: 12pt;\"><span style=\"color: #662d2d;\"><strong>\u2022<\/strong> <\/span>mit Aggressionen und Gewalt ad\u00e4quat umzugehen.<br \/>\n<span style=\"color: #662d2d;\"><strong>\u2022<\/strong> i<\/span>n Situationen in denen Grenzen \u00fcberschritten werden, selbstsicher und angemessen zu reagieren und zu handeln.<br \/>\n<span style=\"color: #662d2d;\"><strong>\u2022<\/strong> <\/span>sich bei k\u00f6rperlichen \u00dcbergriffen konstruktiv wehren und sich effektiv verteidigen zu k\u00f6nnen.<\/span><\/p>\n<p><strong><span style=\"font-family: helvetica, arial, sans-serif; font-size: 12pt; color: #662d2d;\">Die Einzelberatungen, die Kurse und die Projekte beinhalten eine wertsch\u00e4tzende Kommunikation, \u00dcbungen, um Stress abzubauen, Techniken f\u00fcr den positiven Umgang mit sich selbst und anderen, Kreativit\u00e4t und Improvisation, um den eigenen Ausdruck zu finden, sowie Rollenspiele mit dem K\u00f6rper. der Sprache, der Mimik und der Gestik.<br \/>\nSie f\u00f6rdern soziale Verhaltensweisen, das Erfahren und das Erleben der eigenen St\u00e4rken und Talente, das Annehmen der eigenen Schw\u00e4chen und st\u00e4rken das Wir-Gef\u00fchl (Gruppe), welche das Selbstvertrauen, das Selbstbewusstsein und die Zusammenarbeit f\u00f6rdern.<\/span><\/strong><\/p>\n<p>&nbsp;<\/p>\n<p><img loading=\"lazy\" class=\"aligncenter wp-image-2542 size-large\" src=\"http:\/\/kon-tra.de\/wordpress\/wp-content\/uploads\/2025\/10\/Beratung-Kinder-1-1-700x347.jpg\" alt=\"\" width=\"700\" height=\"347\" srcset=\"http:\/\/kon-tra.de\/wordpress\/wp-content\/uploads\/2025\/10\/Beratung-Kinder-1-1-700x347.jpg 700w, http:\/\/kon-tra.de\/wordpress\/wp-content\/uploads\/2025\/10\/Beratung-Kinder-1-1-300x149.jpg 300w, http:\/\/kon-tra.de\/wordpress\/wp-content\/uploads\/2025\/10\/Beratung-Kinder-1-1-768x381.jpg 768w, http:\/\/kon-tra.de\/wordpress\/wp-content\/uploads\/2025\/10\/Beratung-Kinder-1-1-800x397.jpg 800w, http:\/\/kon-tra.de\/wordpress\/wp-content\/uploads\/2025\/10\/Beratung-Kinder-1-1.jpg 1280w\" sizes=\"(max-width: 700px) 100vw, 700px\" \/><\/p>\n<p><span style=\"font-family: helvetica, arial, sans-serif; font-size: 12pt; color: #203029;\">Die Inhalte in den Einzelberatungen, in den Kursen und in den Projekten st\u00e4rken die soziale Kompetenz u.a. den Zusammenhalt, die Hilfsbereitschaft, das Mitgef\u00fchl, die R\u00fccksichtnahme, Verst\u00e4ndnis f\u00fcr den anderen, der Umgang mit Kritik, das Grenzen setzen sowie die Wahrnehmung und Einhaltung der eigenen Grenzen, das konstruktive Handeln zur richtigen Zeit und die friedliche Aufl\u00f6sung von Konflikten.<\/span><\/p>\n<p><span style=\"font-family: helvetica, arial, sans-serif; font-size: 12pt; color: #203000;\"><span style=\"color: #662d2d;\"><strong>Was nehmen Sie mit nach Hause<\/strong><\/span><strong><span style=\"color: #662d2d;\">:<\/span><br \/>\n<\/strong><span style=\"color: #203029;\"><span style=\"color: #662d2d;\"><span style=\"color: #203029;\"><span style=\"color: #662d2d;\">\u25ba<\/span> Leicht umsetzbare Techniken und \u00dcbungen, um selbstsicher und selbstbewussst zu sein.<\/span><br \/>\n\u25ba<\/span> Einfache \u00dcbungen, um den Anforderungen in Schule, Beruf und Alltag leichter gewachsen zu sein.<br \/>\n<span style=\"color: #662d2d;\"><strong>\u25ba<\/strong><\/span> Leicht umsetzbare \u00dcbungen, um leichter und effektiver lernen, sowie sich konzentrieren zu k\u00f6nnen.<br \/>\n<span style=\"color: #662d2d;\">\u25ba<\/span>\u00a0Selbsthilfe- und Kommunikationstechniken, praktische \u00dcbungen, um selbstsicherer und selbstbewusster aufzutreten und zu handeln.<\/span><br \/>\n<span style=\"color: #203029;\"><span style=\"color: #662d2d;\">\u25ba<\/span> Stress-Release-\u00dcbungen, um gezielt Stress abzubauen.<\/span><\/span><br \/>\n<span style=\"font-family: helvetica, arial, sans-serif; font-size: 12pt; color: #203029;\"><span style=\"color: #662d2d;\">\u25ba<\/span> Techniken, damit sie mit emotionalen und zwischenmenschlichen Problemen besser umgehen k\u00f6nnen.<\/span><\/p>\n<p><img loading=\"lazy\" class=\"aligncenter wp-image-2520 size-large\" src=\"http:\/\/kon-tra.de\/wordpress\/wp-content\/uploads\/2025\/10\/Beratung-Familie-2-700x366.jpg\" alt=\"\" width=\"700\" height=\"366\" srcset=\"http:\/\/kon-tra.de\/wordpress\/wp-content\/uploads\/2025\/10\/Beratung-Familie-2-700x366.jpg 700w, http:\/\/kon-tra.de\/wordpress\/wp-content\/uploads\/2025\/10\/Beratung-Familie-2-300x157.jpg 300w, http:\/\/kon-tra.de\/wordpress\/wp-content\/uploads\/2025\/10\/Beratung-Familie-2-768x401.jpg 768w, http:\/\/kon-tra.de\/wordpress\/wp-content\/uploads\/2025\/10\/Beratung-Familie-2-800x418.jpg 800w, http:\/\/kon-tra.de\/wordpress\/wp-content\/uploads\/2025\/10\/Beratung-Familie-2.jpg 1024w\" sizes=\"(max-width: 700px) 100vw, 700px\" \/><\/p>\n<p><span style=\"font-family: helvetica, arial, sans-serif; font-size: 12pt;\"><strong><span style=\"color: #662d2d;\">Sie suchen:<\/span><\/strong><\/span><br \/>\n<span style=\"font-family: helvetica, arial, sans-serif; font-size: 12pt; color: #203029;\"><span style=\"color: #662d2d;\"><strong>\u2022 <\/strong><\/span>ein Beratungsgespr\u00e4ch f\u00fcr sich selbst oder f\u00fcr ihr Kind?<strong><br \/>\n<span style=\"color: #662d2d;\">\u2022<\/span><\/strong> ein Einzeltraining, einen Kurs oder ein Projekt f\u00fcr ihre Kinder oder f\u00fcr ihre Kinder in Ihrer KiTa, Schule, Einrichtung?<br \/>\n<span style=\"color: #662d2d;\"><strong>\u2022<\/strong> <\/span>ein Einzeltraining, ein Kurs, ein Projekt oder eine Weiterbildung f\u00fcr Ihre Mitarbeiter, in Ihrer KiTa, Schule, Einrichtung?<\/span><\/p>\n<p><span style=\"color: #662d2d; font-family: helvetica, arial, sans-serif; font-size: 12pt;\"><strong>Sie sind sich nicht sicher, ob ich Ihnen wirklich helfen kann?<br \/>\nKontaktieren Sie mich gerne unverbindlich und wir besprechen, was in Ihrem Fall sinnvoll ist.<\/strong><\/span><\/p>\n<p><span style=\"font-family: helvetica, arial, sans-serif; font-size: 12pt;\"><strong><span style=\"color: #800000;\"><span style=\"color: #662d00;\">Gerne berate ich Sie pers\u00f6nlich.<\/span><br \/>\n<\/span><span style=\"color: #203000;\">Harald Hasen\u00f6hrl<\/span><\/strong><\/span><br \/>\n<span style=\"color: #203000; font-family: helvetica, arial, sans-serif; font-size: 12pt;\"><strong> Telefon: 06345- 9596855<\/strong><\/span><br \/>\n<span style=\"font-family: helvetica, arial, sans-serif; font-size: 12pt;\"><strong><span style=\"color: #203000;\"> Email: <\/span><span style=\"color: #800000;\"><a href=\"mailto:info@kon-tra.de\"><span style=\"color: #800000;\"><span style=\"color: #000080;\">info@kon-tra.de<\/span><\/span><\/a><\/span><\/strong><\/span><\/p>\n","protected":false},"excerpt":{"rendered":"<p>In Einzelberatungen in meiner Praxis sowie in Kursen und Projekten in KiTa\u00b4s, Schulen und Einrichtungen, unterst\u00fctze ich Kinder, Jugendliche und Erwachsene: \u2022 die Anforderungen in KiTa, Schule, Beruf und Alltag leichter und stressfreier bew\u00e4ltigen zu k\u00f6nnen. \u2022 selbstsicher und selbstbewusst aufzutreten sowie klare Grenzen zu setzen und diese zu kommunizieren. \u2022 leichter und effektiver zu&#8230;<\/p>\n","protected":false},"author":1,"featured_media":1745,"parent":0,"menu_order":1,"comment_status":"closed","ping_status":"open","template":"fullwidth.php","meta":[],"_links":{"self":[{"href":"http:\/\/kon-tra.de\/wordpress\/wp-json\/wp\/v2\/pages\/2"}],"collection":[{"href":"http:\/\/kon-tra.de\/wordpress\/wp-json\/wp\/v2\/pages"}],"about":[{"href":"http:\/\/kon-tra.de\/wordpress\/wp-json\/wp\/v2\/types\/page"}],"author":[{"embeddable":true,"href":"http:\/\/kon-tra.de\/wordpress\/wp-json\/wp\/v2\/users\/1"}],"replies":[{"embeddable":true,"href":"http:\/\/kon-tra.de\/wordpress\/wp-json\/wp\/v2\/comments?post=2"}],"version-history":[{"count":10,"href":"http:\/\/kon-tra.de\/wordpress\/wp-json\/wp\/v2\/pages\/2\/revisions"}],"predecessor-version":[{"id":2602,"href":"http:\/\/kon-tra.de\/wordpress\/wp-json\/wp\/v2\/pages\/2\/revisions\/2602"}],"wp:featuredmedia":[{"embeddable":true,"href":"http:\/\/kon-tra.de\/wordpress\/wp-json\/wp\/v2\/media\/1745"}],"wp:attachment":[{"href":"http:\/\/kon-tra.de\/wordpress\/wp-json\/wp\/v2\/media?parent=2"}],"curies":[{"name":"wp","href":"https:\/\/api.w.org\/{rel}","templated":true}]}}